?
True
Is 2097 a multiple of 4?
False
Is 12112 a multiple of 43?
False
Is 12 a factor of 1751?
False
Is 20 a factor of 7900?
True
Is 1000 a multiple of 50?
True
Does 49 divide 343?
True
Does 46 divide 1564?
True
Is 256 a factor of 53424?
False
Is 17 a factor of 3638?
True
Is 14 a factor of 294?
True
Is 31783 a multiple of 37?
True
Does 42 divide 420?
True
Is 32 a factor of 896?
True
Is 2430 a multiple of 10?
True
Is 513 a multiple of 57?
True
Does 59 divide 4003?
False
Does 5 divide 1347?
False
Is 4014 a multiple of 90?
False
Does 10 divide 1180?
True
Is 17 a factor of 510?
True
Is 18 a factor of 1235?
False
Is 28 a factor of 3725?
False
Is 10994 a multiple of 30?
False
Is 6584 a multiple of 9?
False
Is 1542 a multiple of 3?
True
Is 4923 a multiple of 3?
True
Does 51 divide 1020?
True
Is 6750 a multiple of 90?
True
Is 49 a factor of 398?
False
Is 74 a factor of 7784?
False
Is 47 a factor of 1465?
False
Is 38 a factor of 3762?
True
Does 43 divide 1837?
False
Is 3645 a multiple of 15?
True
Is 20 a factor of 2078?
False
Is 12 a factor of 1990?
False
Is 36232 a multiple of 92?
False
Is 27 a factor of 2268?
True
Is 16 a factor of 20?
False
Does 18 divide 990?
True
Does 78 divide 64428?
True
Is 33 a factor of 4917?
True
Is 31 a factor of 775?
True
Is 11 a factor of 1348?
False
Is 9037 a multiple of 154?
False
Does 15 divide 10717?
False
Is 471 a multiple of 61?
False
Is 1395 a multiple of 5?
True
Is 2904 a multiple of 24?
True
Does 41 divide 664?
False
Does 37 divide 2775?
True
Does 53 divide 530?
True
Is 719 a multiple of 24?
False
Does 114 divide 4902?
True
Is 2999 a multiple of 5?
False
Is 21604 a multiple of 31?
False
Is 61 a factor of 8296?
True
Does 16 divide 256?
True
Is 20 a factor of 2334?
False
Is 21 a factor of 2457?
True
Is 27142 a multiple of 282?
False
Is 223 a factor of 6416?
False
Is 7 a factor of 40761?
True
Is 911 a multiple of 20?
False
Is 15224 a multiple of 16?
False
Does 9 divide 486?
True
Does 8 divide 2360?
True
Is 6 even?
True
Is 2045 a multiple of 98?
False
Does 25 divide 1817?
False
Does 13 divide 1070?
False
Does 14 divide 12124?
True
Does 49 divide 20923?
True
Is 42 a factor of 6930?
True
Does 14 divide 35462?
True
Does 30 divide 4269?
False
Is 6480 a multiple of 30?
True
Does 17 divide 34?
True
Is 8080 a multiple of 39?
False
Is 117 a multiple of 39?
True
Does 30 divide 19590?
True
Is 71 a factor of 14185?
False
Is 8165 a multiple of 23?
True
Does 16 divide 970?
False
Is 1552 a multiple of 4?
True
Is 13 a factor of 2652?
True
Is 128 a multiple of 32?
True
Does 83 divide 21570?
False
Is 39015 a multiple of 17?
True
Is 70 a factor of 2768?
False
Is 33344 a multiple of 112?
False
Is 35 a factor of 22925?
True
Is 86 a factor of 688?
True
Is 86 a factor of 1032?
True
Is 20828 a multiple of 127?
True
Does 11 divide 1991?
True
Is 827 a multiple of 73?
False
Does 60 divide 600?
True
Does 8 divide 2816?
True
Is 19482 a multiple of 17?
True
Does 110 divide 549?
False
Is 31 a factor of 18261?
False
Does 87 divide 348?
True
Does 31 divide 806?
True
Is 45 a factor of 4815?
True
Is 247 a multiple of 19?
True
Is 163 a factor of 40261?
True
Does 11 divide 5700?
False
Is 23 a factor of 106414?
False
Is 630 a multiple of 10?
True
Does 35 divide 4051?
False
Does 57 divide 914?
False
Is 156 a factor of 97656?
True
Is 45 a factor of 2749?
False
Does 105 divide 3189?
False
Is 13 a factor of 1755?
True
Does 11 divide 4136?
True
Does 15 divide 240?
True
Is 979 a multiple of 8?
False
Is 44 a factor of 16192?
True
Is 94 a factor of 470?
True
Is 17380 a multiple of 316?
True
Is 4056 a multiple of 24?
True
Does 27 divide 620?
False
Does 3 divide 56?
False
Does 91 divide 706?
False
Is 2 a factor of 1108?
True
Does 64 divide 512?
True
Is 588 a multiple of 6?
True
Does 25 divide 6971?
False
Is 6997 a multiple of 78?
False
Is 3765 a multiple of 15?
True
Is 13 a factor of 11004?
False
Is 47 a factor of 8554?
True
Is 9 a factor of 3546?
True
Does 13 divide 1562?
False
Is 12 a factor of 442?
False
Is 10 a factor of 10980?
True
Does 76 divide 28956?
True
Is 179 a factor of 45645?
True
Is 3476 a multiple of 22?
True
Does 11 divide 176?
True
Is 7 a factor of 763?
True
Is 2800 a multiple of 7?
True
Is 1045 a multiple of 90?
False
Is 46510 a multiple of 8?
False
Is 93 a factor of 12334?
False
Does 10 divide 13300?
True
Is 6085 a multiple of 6?
False
Is 4 a factor of 344?
True
Is 10845 a multiple of 45?
True
Is 2 a factor of 336?
True
Does 22 divide 324?
False
Does 73 divide 17235?
False
Does 9 divide 1731?
False
Is 962 a multiple of 8?
False
Does 3 divide 172?
False
Does 6 divide 4790?
False
Does 6 divide 108?
True
Is 168897 a multiple of 110?
False
Is 17732 a multiple of 49?
False
Is 7040 a multiple of 4?
True
Does 2 divide 2481?
False
Is 1659 a multiple of 79?
True
Does 112 divide 14560?
True
Does 3 divide 159?
True
Does 316 divide 66383?
False
Does 8 divide 120?
True
Is 15 a factor of 882?
False
Does 4 divide 19088?
True
Does 79 divide 4424?
True
Is 564 a multiple of 47?
True
Does 6 divide 51?
False
Does 52 divide 312?
True
Is 22248 a multiple of 36?
True
Is 10986 a multiple of 6?
True
Does 11 divide 37958?
False
Is 19 a factor of 950?
True
Is 2640 a multiple of 66?
True
Is 7595 a multiple of 31?
True
Is 162 a multiple of 27?
True
Is 58 a factor of 6380?
True
Does 12 divide 732?
True
Does 4 divide 480?
True
Is 11 a factor of 59559?
False
Is 2 a factor of 10?
True
Is 19 a factor of 32574?
False
Is 130 a multiple of 23?
False
Is 10187 a multiple of 56?
False
Does 152 divide 7448?
True
Is 54600 a multiple of 280?
True
Does 64 divide 2813?
False
Is 41497 a multiple of 39?
False
Does 101 divide 11716?
True
Is 36 a factor of 2129?
False
Is 3264 a multiple of 16?
True
Is 4100 a multiple of 13?
False
Is 30 a factor of 1349?
False
Is 179 a factor of 51383?
False
Is 9 a factor of 16593?
False
Is 1230 a multiple of 6?
True
Is 147 a multiple of 2?
False
Is 103 a factor of 9234?
False
Is 4666 a multiple of 52?
False
Is 20 a factor of 80?
True
Does 12 divide 216?
True
Is 196 even?
True
Is 1848 a multiple of 66?
True
Is 16484 a multiple of 99?
False
Is 19 a factor of 114?
True
Is 57 a factor of 5928?
True
Does 13 divide 273?
True
Is 17 a factor of 816?
True
Is 160 a factor of 18207?
False
Is 15 a factor of 41057?
False
Is 494 a multiple of 19?
True
Does 20 divide 9760?
True
Is 35 a factor of 245?
True
Does 39 divide 789?
False
Is 18 a factor of 1386?
True
Is 41 a factor of 928?
False
Does 46 divide 649?
False
Does 3 divide 191?
False
Is 201 a factor of 13854?
False
Is 247 a multiple of 8?
False
Is 163 a factor of 11899?
True
Is 31 a factor of 775?
True
Does 6 divide 1902?
True
Is 82 a factor of 2788?
True
Does 17 divide 1819?
True
Is 15 a factor of 1020?
True
Does 36 divide 3060?
True
Does 181 divide 18567?
False
Is 5911 a multiple of 63?
False
Does 37 divide 3108?
True
Does 7 divide 455?
True
Is 87 a factor of 12876?
True
Is 575 a multiple of 23?
True
Is 14 a factor of 224?
True
Is 14 a factor of 39284?
True
Does 20 divide 31003?
False
Is 28 a factor of 47553?
False
Is 58 a factor of 6670?
True
Is 1486 a multiple of 9?
False
Is 9 a factor of 8256?
False
Does 20 divide 112480?
True
Does 28 divide 5737?
False
Is 28609 a multiple of 18?
False
Is 83 a factor of 1594?
False
Is 12058 a multiple of 20?
False
Does 22 divide 5207?
False
Is 239 a multiple of 8?
False
Is 10 a factor of 5560?
True
Does 67 divide 737?
True
Is 21 a factor of 3318?
True
Does 12 divide 2633?
False
Does 14 divide 1274?
True
Is 88 a multiple of 4?
True
Is 7632 a multiple of 18?
True
Is 387 a multiple of 37?
False
Does 22 divide 2744?
False
Does 45 divide 270?
True
Is 2661 a multiple of 47?
False
Is 15 a factor of 90?
True
Is 45 a factor of 1800?
True
Is 5 a factor of 16146?
False
Is 663 a multiple of 51?
True
Does 18 divide 8026?
False
Does 16 divide 1584?
True
Is 37639 a multiple of 35?
False
Is 1330 a multiple of 38?
True
Is 15 a factor of 30?
True
Does 74 divide 9694?
True
Is 1118 a multiple of 13?
True
Does 13 divide 1263?
False
Is 17 a factor of 374?
True
Is 5 a factor of 780?
True
Is 12870 a multiple of 45?
True
Is 10 a factor of 10330?
True
Is 280 a multiple of 5?
True
Is 162 a factor of 33949?
False
Does 46 divide 5520?
True
Is 1406 a multiple of 19?
True
Does 3 divide 172?
False
Is 6860 a m